 Let x be i(2). Suppose x*n - 48 = -0*n. What is the greatest common factor of 3 and n?
3
Let q(a) = a**3 + 21*a**2 + 13*a - 25. Let j be q(-20). Let r = j + -108. Calculate the greatest common factor of r and 7.
7
Suppose -17*g - 612 = -53*g. Let o be (476/8)/(2/4). What is the greatest common factor of o and g?
17
Let m be (-280)/16*(155/(-70) + (-1)/(-2)). Suppose -4*o - 5*r + 15 = o, 0 = 2*o - 3*r - 21. What is the greatest common factor of o and m?
6
Suppose -5*r - 4*i + 127 = 0, -41 - 45 = -4*r + 2*i. Calculate the highest common factor of 1 and r.
1
Let b be (24/(-9) - -2) + 1766/3. Calculate the highest common divisor of b and 28.
28
Suppose -2*a = -4*w + 874, -33*a - 871 = -4*w - 32*a. What is the greatest common divisor of w and 7?
7
Let t be 4*(-1)/(2/(-14)). What is the greatest common factor of t and 196?
28
Suppose 5*v - 2*v = 528. Let o be (v/6)/(-2)*-3. Suppose o + 52 = 2*l. What is the highest common factor of l and 16?
16
Let f(v) = -v**3 + 5*v**2 + 13*v + 27. Let l be f(-6). What is the greatest common factor of 15 and l?
15
Let i(t) = -t - 2. Let w be i(-5). Suppose 3*l + 21 = 2*x - 0*l, 5*x + 4*l - 87 = 0. Let y be 384/180 + (-2)/x. What is the highest common factor of y and w?
1
Suppose 4*m - 3*q - 13 = 0, 0 = m + 3*q - 20 - 2. Suppose o - 7 = -0*o. Calculate the greatest common divisor of m and o.
7
Let n(q) = -q**3 - 4*q**2 + 6*q. Let f be n(-5). Let y(c) = -2*c**3 - 6*c**2 - 4*c. Let l be y(f). What is the highest common factor of 15 and l?
15
Let x(s) = 12*s**3 - s**2 + 5*s - 4. Let n be x(1). Calculate the highest common divisor of n and 564.
12
Suppose 3*l - 8*l + 60 = 0. Let b(m) be the first derivative of m**3/3 - 3*m**2/2 - 12*m + 2. Let c be b(-9). Calculate the greatest common factor of c and l.
12
Suppose -l = -2*l + 216. Suppose 5*m = 9*c - 5*c + 143, -3*m - 2*c + 77 = 0. What is the highest common factor of m and l?
27
Suppose -2*q - i = -29, 0 = -5*q + 3*i + 98 + 2. What is the greatest common factor of 153 and q?
17
Let x = 715 - -710. Calculate the greatest common factor of x and 75.
75
Let s = 1 + 4. Suppose 5*o + 2*x - 6*x = 24, 0 = -o + s*x + 9. Suppose 4 + 52 = 4*b + o*f, 0 = f. Calculate the highest common divisor of b and 21.
7
Let z(f) = 6*f**2 - f - 2. Let h be z(-1). Suppose -72 = -4*g - 5*j, 54 = 3*g - h*j + 4*j. What is the highest common factor of g and 162?
18
Let j = 320 - 145. Suppose 2*k = -22*k + 1381 + 299. What is the greatest common divisor of j and k?
35
Let q(j) = 11*j - 59. Let h be q(22). Suppose s - 7 = h. Calculate the greatest common factor of 10 and s.
10
Suppose -6*x + 5*x = -7. Suppose 3*y - j = -0*j + 106, -2*j = 2. What is the highest common factor of x and y?
7
Suppose 4*l - 29 - 219 = 0. Suppose l = 8*g - 74. Calculate the greatest common factor of 153 and g.
17
Let v = 34 - 18. Let k be -1*(v/(-4) + 3). Let m = 3 + k. Calculate the highest common divisor of 28 and m.
4
Let g(d) = d - 17. Let z be g(16). Let h = z + 6. Calculate the greatest common factor of 5 and h.
5
Suppose 3*p - 15 = -9. Suppose -p*q + 3*q = -3*d + 49, q + 41 = 2*d. Calculate the greatest common divisor of d and 6.
6
Suppose -5*j - 237 = -4*v + 438, 5*v = -3*j + 853. Calculate the greatest common factor of v and 10.
10
Let n = -81 + -27. Let p = 54 + n. Let u be 1 + p/(15/(-5)). What is the highest common factor of 171 and u?
19
Let x(u) = -2*u**3 - 6*u**2 + 9*u + 8. Let h be x(-4). What is the highest common factor of h and 412?
4
Suppose 0 = k - 0*k - 8. Suppose -7*n + k*n = 5. What is the highest common factor of 15 and n?
5
Let o be (-20 - 35)*(-2 + 8/5). What is the greatest common factor of 44 and o?
22
Let j be ((-784)/21)/(-8)*(-12)/(-14). Suppose -2*s + 64 = j*i - 0*s, -s + 68 = 4*i. What is the highest common factor of i and 2?
2
Let p = -20 + 23. Suppose 4 = -p*n + 5*n. Suppose k = 2*x + 15, 5*k + n*x - 23 = -x. What is the highest common divisor of 7 and k?
7
Suppose 5*p - 6*i = -5*i + 4503, 5*i = -3*p + 2685. Calculate the greatest common factor of p and 100.
100
Let r(c) = -37*c**3 - c**2 + c + 2. Let v be r(-1). Suppose 8*j + 5 = v. Calculate the greatest common factor of 44 and j.
4
Let p be (0 - 145)*-5*3/75. What is the highest common divisor of 725 and p?
29
Let y be (-1)/4 + 193/4. Suppose 16 = -4*x + y. Let a = 6 + x. Calculate the greatest common divisor of 14 and a.
14
Let c = -31 - -129. Suppose -2*h + 4*g = -24, 3*h - 19 = -g + 38. Let q(t) = t - 4. Let z be q(h). Calculate the highest common factor of z and c.
14
Let c(a) = 7*a - 371. Let v be c(59). Calculate the greatest common factor of 1722 and v.
42
Let d = -32 - -39. Suppose -3*y + 14 = -2*x - 0, 2*y - 3*x = 16. Suppose y*j = 3*j - 49. Calculate the greatest common factor of d and j.
7
Let p be 17/((-5)/80*-2). Suppose a - 3*l = 23, 4*a + 2*l - 3*l - p = 0. Let k = -1 + 6. What is the highest common divisor of a and k?
5
Let h = 196 + -178. What is the highest common divisor of 114 and h?
6
Suppose 0 = -4*w - 3*x + 132, -99 = -3*w + x - 2*x. What is the highest common factor of w and 6?
3
Suppose -p - 107 = -z + 62, -4*p + 20 = 0. Suppose 0 = 5*j + 10, -5*n + z = -3*j + 28. Let a = -23 + n. What is the greatest common divisor of a and 15?
5
Suppose -2*r - 2 + 66 = 0. Suppose -w + r = 25. Calculate the highest common divisor of w and 7.
7
Suppose w - h + 0 = -5, 3 = 3*h. Let j(b) = -2*b - 5 + 3*b - 2*b + b**2. Let f be j(w). Calculate the highest common divisor of 3 and f.
3
Let a(o) = o**2 - o - 8. Let q = 11 + -12. Let m(t) = -8*t. Let j be m(q). Let i be a(j). Calculate the greatest common factor of i and 6.
6
Let z(n) = n + 7. Let f be z(6). Let c(u) = -u**3 - 4*u**2 - 5*u + 2. Let h = 4 - 10. Let a be c(h). What is the greatest common factor of f and a?
13
Let l be 1 - 10 - 9308/(-52). Let h = 60 - 26. Calculate the highest common divisor of l and h.
34
Let m(d) = -d**2 - 20*d + 128. Let w be m(-24). What is the highest common factor of w and 272?
16
Let f = 295 + -233. What is the greatest common divisor of f and 31?
31
Let p(t) = t**2 - 5*t + 4. Let w be p(-5). Let m = w - 40. Calculate the greatest common divisor of 56 and m.
14
Let f = -19 + 51. Let r(y) = y - 2 - y**2 + 10*y - 4*y. Let b be r(6). Calculate the greatest common factor of f and b.
4
Let b(f) = -6*f + 101. Let l be b(16). Suppose -d + 10 = 4*d. Calculate the greatest common factor of d and l.
1
Suppose 4*d - 5*u - 432 = -u, d - 2*u - 108 = 0. What is the highest common divisor of d and 24?
12
Suppose 8*q = 106 + 14. What is the greatest common factor of 465 and q?
15
Let r(o) = -24*o - 24. Let s be r(-14). Calculate the highest common divisor of s and 78.
78
Let n(s) = s**2 - 5*s + 6. Let b be n(4). Suppose 2*i - 12 - 2 = -b*z, -5*z = 3*i - 31. Let f = 75 + -30. Calculate the highest common divisor of z and f.
5
Let d = 6 + -1. Let j(i) = -d + 2 - i**2 + 10 - 6*i. Let h be j(-5). What is the highest common factor of 96 and h?
12
Let r = 255 + -1485. Let g be 2/7 - r/105. Let m(w) = -w**3 + 5*w**2 + 2*w. Let l be m(3). What is the greatest common divisor of l and g?
12
Let n(r) = r**2 - 6*r. Let m(p) = p + 1. Let v(f) = -m(f) - n(f). Let b be v(4). What is the greatest common divisor of 24 and b?
3
Let t = 54 - 11. Suppose -r + t = 1. Let m = 189 + -175. What is the highest common divisor of r and m?
14
Suppose -4*g - 4 = 4*y, -3*g + 0 + 3 = -3*y. Let x be (y + 2)*(-1 - -2). Let u(m) = -23*m + 116. Let j be u(5). What is the greatest common factor of x and j?
1
Suppose -293 = -3*k + g, k + 5*g - 19 - 84 = 0. Suppose -2*y + 13 = -m - 15, y = -2*m - 66. Let l = m - -46. Calculate the greatest common divisor of l and k.
14
Let p be 127 + 17 + 16/(-2). Calculate the highest common divisor of 85 and p.
17
Let n = -323 - -191. Suppose -77 - 111 = 3*t - z, t + 5*z + 68 = 0. Let m be (t/27)/(1/n). Calculate the highest common divisor of m and 28.
28
Let l = 281 + -17. Calculate the greatest common divisor of 176 and l.
88
Suppose -4*l + 2*l = 154. Let w = l + -20. Let n = 185 + w. Calculate the greatest common divisor of 8 and n.
8
Suppose 5*l = -o + 42 - 3, -2*o - 4*l = -96. Calculate the highest common factor of o and 351.
27
Let p be 21 + (2 - (-5)/(-1)) - -2. Let g be 2 + -1 + p - (-2)/(-2). Calculate the highest common factor of g and 30.
10
Suppo